{"id":4661,"date":"2022-06-15T10:45:10","date_gmt":"2022-06-15T13:45:10","guid":{"rendered":"https:\/\/www.protec.com.br\/?post_type=product&#038;p=4661"},"modified":"2026-02-12T16:26:18","modified_gmt":"2026-02-12T19:26:18","slug":"aspirador-rede-standard-ar-sem-frasco","status":"publish","type":"product","link":"https:\/\/www.protec.com.br\/es\/producto\/aspirador-rede-standard-ar-sem-frasco\/","title":{"rendered":"ASPIRADOR REDE STANDARD AR SEM FRASCO"},"content":{"rendered":"<p>El aspirador montado en la pared fue desarrollado para ayudar en la aspiraci\u00f3n de secreciones de pacientes en diferentes procedimientos \nm\u00e9dico-hospitalarios.<\/p>","protected":false},"excerpt":{"rendered":"<p>Los aspiradores de pared fabricados por Protec se presentan en dos \nmodelos: aspiradores Venturi para uso en sistemas de distribuci\u00f3n de \ngas para ox\u00edgeno y aire comprimido m\u00e9dico y Vacu\u00f3metro para uso en \nsistemas de tuber\u00edas de vac\u00edo. Ambos est\u00e1n disponibles en versiones \nMASTER con frasco de policarbonato o STANDARD con frasco de vidrio.<\/p>\n<p><strong>RMS:<\/strong>\u00a080435140002<\/p>","protected":false},"featured_media":28665,"template":"","meta":{"_acf_changed":false},"product_brand":[],"product_cat":[25,529],"product_tag":[],"class_list":{"0":"post-4661","1":"product","2":"type-product","3":"status-publish","4":"has-post-thumbnail","6":"product_cat-menu-inaloterapia","7":"product_cat-aspirador-rede-standard","9":"first","10":"instock","11":"virtual","12":"taxable","13":"purchasable","14":"product-type-simple"},"acf":[],"_links":{"self":[{"href":"https:\/\/www.protec.com.br\/es\/wp-json\/wp\/v2\/product\/4661","targetHints":{"allow":["GET"]}}],"collection":[{"href":"https:\/\/www.protec.com.br\/es\/wp-json\/wp\/v2\/product"}],"about":[{"href":"https:\/\/www.protec.com.br\/es\/wp-json\/wp\/v2\/types\/product"}],"version-history":[{"count":2,"href":"https:\/\/www.protec.com.br\/es\/wp-json\/wp\/v2\/product\/4661\/revisions"}],"predecessor-version":[{"id":41624,"href":"https:\/\/www.protec.com.br\/es\/wp-json\/wp\/v2\/product\/4661\/revisions\/41624"}],"wp:featuredmedia":[{"embeddable":true,"href":"https:\/\/www.protec.com.br\/es\/wp-json\/wp\/v2\/media\/28665"}],"wp:attachment":[{"href":"https:\/\/www.protec.com.br\/es\/wp-json\/wp\/v2\/media?parent=4661"}],"wp:term":[{"taxonomy":"product_brand","embeddable":true,"href":"https:\/\/www.protec.com.br\/es\/wp-json\/wp\/v2\/product_brand?post=4661"},{"taxonomy":"product_cat","embeddable":true,"href":"https:\/\/www.protec.com.br\/es\/wp-json\/wp\/v2\/product_cat?post=4661"},{"taxonomy":"product_tag","embeddable":true,"href":"https:\/\/www.protec.com.br\/es\/wp-json\/wp\/v2\/product_tag?post=4661"}],"curies":[{"name":"wp","href":"https:\/\/api.w.org\/{rel}","templated":true}]}}

<p>El aspirador montado en la pared fue desarrollado para ayudar en la aspiración de secreciones de pacientes en diferentes procedimientos 
médico-hospitalarios.</p>

<p>Los aspiradores de pared fabricados por Protec se presentan en dos 
modelos: aspiradores Venturi para uso en sistemas de distribución de 
gas para oxígeno y aire comprimido médico y Vacuómetro para uso en 
sistemas de tuberías de vacío. Ambos están disponibles en versiones 
MASTER con frasco de policarbonato o STANDARD con frasco de vidrio.</p>
<p><strong>RMS:</strong> 80435140002</p>
