{"id":4682,"date":"2022-06-15T17:04:13","date_gmt":"2022-06-15T20:04:13","guid":{"rendered":"https:\/\/www.protec.com.br\/?post_type=product&#038;p=4682"},"modified":"2026-02-13T13:56:02","modified_gmt":"2026-02-13T16:56:02","slug":"conjunto-nebulizacao-pvc-adulto-ar-1200mm","status":"publish","type":"product","link":"https:\/\/www.protec.com.br\/en\/product\/conjunto-nebulizacao-pvc-adulto-ar-1200mm\/","title":{"rendered":"CONJUNTO NEBULIZA\u00c7\u00c3O PVC ADULTO AR 1200MM"},"content":{"rendered":"<p>Os Conjuntos para nebuliza\u00e7\u00e3o Protec s\u00e3o de uso hospitalar e s\u00e3o utilizados no aux\u00edlio e no tratamento de pacientes com problemas ou dificuldades respirat\u00f3rias. S\u00e3o comumente encontrados nos Prontos Socorros, UTI, Ambul\u00e2ncias, Home Care, Recupera\u00e7\u00e3o p\u00f3s Anest\u00e9sica entre outras.<\/p>\n<p>&nbsp;<\/p>\n<p>&nbsp;<\/p>","protected":false},"excerpt":{"rendered":"<p>Indicado para utiliza\u00e7\u00e3o em servi\u00e7os de baixa press\u00e3o, utilizando oxig\u00eanio ou ar comprimido, o conjunto para nebuliza\u00e7\u00e3o cont\u00ednua possibilita a oxigena\u00e7\u00e3o direta ao paciente atrav\u00e9s das atividade de inala\u00e7\u00e3o e aplica\u00e7\u00e3o de medicamentos vaporizados e umidificados com o objetivo de enriquecer o g\u00e1s inalado pelo paciente.<\/p>\n<p>RMS: 80435140017 (Conjunto com traqueia de PVC)<\/p>\n<p>&nbsp;<\/p>","protected":false},"featured_media":28672,"template":"","meta":{"_acf_changed":false},"product_brand":[],"product_cat":[228,25],"product_tag":[180,159],"class_list":{"0":"post-4682","1":"product","2":"type-product","3":"status-publish","4":"has-post-thumbnail","6":"product_cat-conjunto-para-nebulizacao-continua","7":"product_cat-menu-inaloterapia","8":"product_tag-conjunto-para-nebulizacao-continua","9":"product_tag-pvc","11":"first","12":"instock","13":"virtual","14":"taxable","15":"purchasable","16":"product-type-simple"},"acf":[],"_links":{"self":[{"href":"https:\/\/www.protec.com.br\/en\/wp-json\/wp\/v2\/product\/4682","targetHints":{"allow":["GET"]}}],"collection":[{"href":"https:\/\/www.protec.com.br\/en\/wp-json\/wp\/v2\/product"}],"about":[{"href":"https:\/\/www.protec.com.br\/en\/wp-json\/wp\/v2\/types\/product"}],"version-history":[{"count":1,"href":"https:\/\/www.protec.com.br\/en\/wp-json\/wp\/v2\/product\/4682\/revisions"}],"predecessor-version":[{"id":41818,"href":"https:\/\/www.protec.com.br\/en\/wp-json\/wp\/v2\/product\/4682\/revisions\/41818"}],"wp:featuredmedia":[{"embeddable":true,"href":"https:\/\/www.protec.com.br\/en\/wp-json\/wp\/v2\/media\/28672"}],"wp:attachment":[{"href":"https:\/\/www.protec.com.br\/en\/wp-json\/wp\/v2\/media?parent=4682"}],"wp:term":[{"taxonomy":"product_brand","embeddable":true,"href":"https:\/\/www.protec.com.br\/en\/wp-json\/wp\/v2\/product_brand?post=4682"},{"taxonomy":"product_cat","embeddable":true,"href":"https:\/\/www.protec.com.br\/en\/wp-json\/wp\/v2\/product_cat?post=4682"},{"taxonomy":"product_tag","embeddable":true,"href":"https:\/\/www.protec.com.br\/en\/wp-json\/wp\/v2\/product_tag?post=4682"}],"curies":[{"name":"wp","href":"https:\/\/api.w.org\/{rel}","templated":true}]}}

CONJUNTO NEBULIZAÇÃO PVC ADULTO AR 1200MM

<p>Os Conjuntos para nebulização Protec são de uso hospitalar e são utilizados no auxílio e no tratamento de pacientes com problemas ou dificuldades respiratórias. São comumente encontrados nos Prontos Socorros, UTI, Ambulâncias, Home Care, Recuperação pós Anestésica entre outras.</p>
<p>&nbsp;</p>
<p>&nbsp;</p>

<p>Indicado para utilização em serviços de baixa pressão, utilizando oxigênio ou ar comprimido, o conjunto para nebulização contínua possibilita a oxigenação direta ao paciente através das atividade de inalação e aplicação de medicamentos vaporizados e umidificados com o objetivo de enriquecer o gás inalado pelo paciente.</p>
<p>RMS: 80435140017 (Conjunto com traqueia de PVC)</p>
<p>&nbsp;</p>
