{"id":4675,"date":"2022-06-15T15:46:31","date_gmt":"2022-06-15T18:46:31","guid":{"rendered":"https:\/\/www.protec.com.br\/?post_type=product&#038;p=4675"},"modified":"2026-02-13T12:42:28","modified_gmt":"2026-02-13T15:42:28","slug":"conjunto-nebulizacao-pvc-adulto-o2-1200mm","status":"publish","type":"product","link":"https:\/\/www.protec.com.br\/en\/product\/conjunto-nebulizacao-pvc-adulto-o2-1200mm\/","title":{"rendered":"CONJUNTO NEBULIZACAO PVC ADULTO O2 1200MM"},"content":{"rendered":"<p>O Conjunto para nebuliza\u00e7\u00e3o Protec s\u00e3o de uso hospitalar e s\u00e3o utilizados no aux\u00edlio e no tratamento de pacientes com problemas ou dificuldades respirat\u00f3rias. S\u00e3o comumente encontrados nos Prontos Socorros, UTI, Ambul\u00e2ncias, Home Care, Recupera\u00e7\u00e3o p\u00f3s Anest\u00e9sica entre outras.<\/p>\n<p>&nbsp;<\/p>\n<p>&nbsp;<\/p>","protected":false},"excerpt":{"rendered":"<p>Indicado para utiliza\u00e7\u00e3o em servi\u00e7os de baixa press\u00e3o, utilizando oxig\u00eanio ou ar comprimido, o conjunto para nebuliza\u00e7\u00e3o cont\u00ednua possibilita a oxigena\u00e7\u00e3o direta ao paciente atrav\u00e9s das atividade de inala\u00e7\u00e3o e aplica\u00e7\u00e3o de medicamentos vaporizados e umidificados com o objetivo de enriquecer o g\u00e1s inalado pelo paciente.<\/p>\n<p>RMS: 80435140017 (Conjunto com traqueia de PVC)<\/p>\n<p>&nbsp;<\/p>","protected":false},"featured_media":28668,"template":"","meta":{"_acf_changed":false},"product_brand":[],"product_cat":[228,25],"product_tag":[],"class_list":{"0":"post-4675","1":"product","2":"type-product","3":"status-publish","4":"has-post-thumbnail","6":"product_cat-conjunto-para-nebulizacao-continua","7":"product_cat-menu-inaloterapia","9":"first","10":"instock","11":"virtual","12":"taxable","13":"purchasable","14":"product-type-simple"},"acf":[],"_links":{"self":[{"href":"https:\/\/www.protec.com.br\/en\/wp-json\/wp\/v2\/product\/4675","targetHints":{"allow":["GET"]}}],"collection":[{"href":"https:\/\/www.protec.com.br\/en\/wp-json\/wp\/v2\/product"}],"about":[{"href":"https:\/\/www.protec.com.br\/en\/wp-json\/wp\/v2\/types\/product"}],"version-history":[{"count":1,"href":"https:\/\/www.protec.com.br\/en\/wp-json\/wp\/v2\/product\/4675\/revisions"}],"predecessor-version":[{"id":41817,"href":"https:\/\/www.protec.com.br\/en\/wp-json\/wp\/v2\/product\/4675\/revisions\/41817"}],"wp:featuredmedia":[{"embeddable":true,"href":"https:\/\/www.protec.com.br\/en\/wp-json\/wp\/v2\/media\/28668"}],"wp:attachment":[{"href":"https:\/\/www.protec.com.br\/en\/wp-json\/wp\/v2\/media?parent=4675"}],"wp:term":[{"taxonomy":"product_brand","embeddable":true,"href":"https:\/\/www.protec.com.br\/en\/wp-json\/wp\/v2\/product_brand?post=4675"},{"taxonomy":"product_cat","embeddable":true,"href":"https:\/\/www.protec.com.br\/en\/wp-json\/wp\/v2\/product_cat?post=4675"},{"taxonomy":"product_tag","embeddable":true,"href":"https:\/\/www.protec.com.br\/en\/wp-json\/wp\/v2\/product_tag?post=4675"}],"curies":[{"name":"wp","href":"https:\/\/api.w.org\/{rel}","templated":true}]}}

<p>O Conjunto para nebulização Protec são de uso hospitalar e são utilizados no auxílio e no tratamento de pacientes com problemas ou dificuldades respiratórias. São comumente encontrados nos Prontos Socorros, UTI, Ambulâncias, Home Care, Recuperação pós Anestésica entre outras.</p>
<p>&nbsp;</p>
<p>&nbsp;</p>

<p>Indicado para utilização em serviços de baixa pressão, utilizando oxigênio ou ar comprimido, o conjunto para nebulização contínua possibilita a oxigenação direta ao paciente através das atividade de inalação e aplicação de medicamentos vaporizados e umidificados com o objetivo de enriquecer o gás inalado pelo paciente.</p>
<p>RMS: 80435140017 (Conjunto com traqueia de PVC)</p>
<p>&nbsp;</p>
