{"id":2962,"date":"2020-03-26T10:29:16","date_gmt":"2020-03-26T13:29:16","guid":{"rendered":"https:\/\/projeto.online\/protec\/?post_type=product&#038;p=2962"},"modified":"2026-02-12T09:16:05","modified_gmt":"2026-02-12T12:16:05","slug":"mascara-para-traqueostomia","status":"publish","type":"product","link":"https:\/\/www.protec.com.br\/en\/product\/mascara-para-traqueostomia\/","title":{"rendered":"M\u00c1SCARA PARA TRAQUEOSTOMIA INFANTIL"},"content":{"rendered":"<p>M\u00c1SCARA PARA TRAQUEOSTOMIA INFANTIL<\/p>\n<p><span class=\"fontstyle0\">A M\u00e1scara para Traqueostomia tem a fun\u00e7\u00e3o de auxiliar a ventila\u00e7\u00e3o assistida ao paciente com ar ambiente umidificado ou enriquecido com oxig\u00eanio. \u00c9 indicada no tratamento de paciente com traqueostomia para umidifica\u00e7\u00e3o da traqueia e\/ou oxigenoterapia no processo de ventila\u00e7\u00e3o mec\u00e2nica.<\/span><\/p>","protected":false},"excerpt":{"rendered":"<p><span class=\"fontstyle0\">A M\u00e1scara para Traqueostomia \u00e9 indicada para administra\u00e7\u00e3o de oxig\u00eanio e ou aeross\u00f3is em pacientes com acesso de traqueostomia e laringectomia. Confeccionada em PVC at\u00f3xico, macio e transparente, facilitam assim a visualiza\u00e7\u00e3o durante o uso. Possui faixa el\u00e1stica ajust\u00e1vel e conector com \u00e2ngulo de rota\u00e7\u00e3o de 360\u00b0.<\/span><\/p>\n<p><strong>RMS:<\/strong> 80435140023<\/p>","protected":false},"featured_media":28583,"template":"","meta":{"_acf_changed":false},"product_brand":[],"product_cat":[25,241],"product_tag":[],"class_list":{"0":"post-2962","1":"product","2":"type-product","3":"status-publish","4":"has-post-thumbnail","6":"product_cat-menu-inaloterapia","7":"product_cat-mascaras-para-traqueostomia","9":"first","10":"instock","11":"virtual","12":"taxable","13":"purchasable","14":"product-type-simple"},"acf":[],"_links":{"self":[{"href":"https:\/\/www.protec.com.br\/en\/wp-json\/wp\/v2\/product\/2962","targetHints":{"allow":["GET"]}}],"collection":[{"href":"https:\/\/www.protec.com.br\/en\/wp-json\/wp\/v2\/product"}],"about":[{"href":"https:\/\/www.protec.com.br\/en\/wp-json\/wp\/v2\/types\/product"}],"version-history":[{"count":1,"href":"https:\/\/www.protec.com.br\/en\/wp-json\/wp\/v2\/product\/2962\/revisions"}],"predecessor-version":[{"id":42776,"href":"https:\/\/www.protec.com.br\/en\/wp-json\/wp\/v2\/product\/2962\/revisions\/42776"}],"wp:featuredmedia":[{"embeddable":true,"href":"https:\/\/www.protec.com.br\/en\/wp-json\/wp\/v2\/media\/28583"}],"wp:attachment":[{"href":"https:\/\/www.protec.com.br\/en\/wp-json\/wp\/v2\/media?parent=2962"}],"wp:term":[{"taxonomy":"product_brand","embeddable":true,"href":"https:\/\/www.protec.com.br\/en\/wp-json\/wp\/v2\/product_brand?post=2962"},{"taxonomy":"product_cat","embeddable":true,"href":"https:\/\/www.protec.com.br\/en\/wp-json\/wp\/v2\/product_cat?post=2962"},{"taxonomy":"product_tag","embeddable":true,"href":"https:\/\/www.protec.com.br\/en\/wp-json\/wp\/v2\/product_tag?post=2962"}],"curies":[{"name":"wp","href":"https:\/\/api.w.org\/{rel}","templated":true}]}}

MÁSCARA PARA TRAQUEOSTOMIA INFANTIL

<p>MÁSCARA PARA TRAQUEOSTOMIA INFANTIL</p>
<p><span class="fontstyle0">A Máscara para Traqueostomia tem a função de auxiliar a ventilação assistida ao paciente com ar ambiente umidificado ou enriquecido com oxigênio. É indicada no tratamento de paciente com traqueostomia para umidificação da traqueia e/ou oxigenoterapia no processo de ventilação mecânica.</span></p>

<p><span class="fontstyle0">A Máscara para Traqueostomia é indicada para administração de oxigênio e ou aerossóis em pacientes com acesso de traqueostomia e laringectomia. Confeccionada em PVC atóxico, macio e transparente, facilitam assim a visualização durante o uso. Possui faixa elástica ajustável e conector com ângulo de rotação de 360°.</span></p>
<p><strong>RMS:</strong> 80435140023</p>
