{"id":2957,"date":"2020-03-26T10:14:50","date_gmt":"2020-03-26T13:14:50","guid":{"rendered":"https:\/\/projeto.online\/protec\/?post_type=product&#038;p=2957"},"modified":"2026-03-24T18:15:42","modified_gmt":"2026-03-24T21:15:42","slug":"mascara-de-alta-concentracao","status":"publish","type":"product","link":"https:\/\/www.protec.com.br\/en\/product\/mascara-de-alta-concentracao\/","title":{"rendered":"M\u00c1SCARA DE ALTA CONCENTRA\u00c7\u00c3O ADULTO"},"content":{"rendered":"<p>M\u00c1SCARA DE ALTA CONCENTRA\u00c7\u00c3O ADULTO<\/p>\n<p>A M\u00e1scara de Alta Concentra\u00e7\u00e3o tem a fun\u00e7\u00e3o de auxiliar a ventila\u00e7\u00e3o assistida ao paciente com ar ambiente ou enriquecido com oxig\u00eanio. \u00c9 indicada no tratamento da apneia obstrutiva de adultos e crian\u00e7as, falha respirat\u00f3ria e insufici\u00eancia respirat\u00f3ria.<\/p>\n<p>Desenvolvida para atender pacientes adultos e pedi\u00e1tricos conta com a seguinte composi\u00e7\u00e3o: M\u00e1scara com el\u00e1stico para ajuste e fixa\u00e7\u00e3o no rosto do paciente, bal\u00e3o reservat\u00f3rio de Oxig\u00eanio com capacidade de 1000ml (adulto) e extensor de 1,5 metros.<\/p>","protected":false},"excerpt":{"rendered":"<p><span class=\"fontstyle0\">A M\u00e1scara de alta concentra\u00e7\u00e3o tem a fun\u00e7\u00e3o de auxiliar a ventila\u00e7\u00e3o assistida ao paciente com ar ambiente ou enriquecido com oxig\u00eanio. \u00c9 indicada no tratamento da apneia obstrutiva de adultos e crian\u00e7as, falha respirat\u00f3ria e insufici\u00eancia respirat\u00f3ria.<\/span><\/p>\n<p><strong>RMS:<\/strong> 80435140024<\/p>","protected":false},"featured_media":28580,"template":"","meta":{"_acf_changed":false},"product_brand":[],"product_cat":[25,242],"product_tag":[],"class_list":{"0":"post-2957","1":"product","2":"type-product","3":"status-publish","4":"has-post-thumbnail","6":"product_cat-menu-inaloterapia","7":"product_cat-mascara-de-alta-concentracao","9":"first","10":"instock","11":"virtual","12":"taxable","13":"purchasable","14":"product-type-simple"},"acf":[],"_links":{"self":[{"href":"https:\/\/www.protec.com.br\/en\/wp-json\/wp\/v2\/product\/2957","targetHints":{"allow":["GET"]}}],"collection":[{"href":"https:\/\/www.protec.com.br\/en\/wp-json\/wp\/v2\/product"}],"about":[{"href":"https:\/\/www.protec.com.br\/en\/wp-json\/wp\/v2\/types\/product"}],"version-history":[{"count":1,"href":"https:\/\/www.protec.com.br\/en\/wp-json\/wp\/v2\/product\/2957\/revisions"}],"predecessor-version":[{"id":42777,"href":"https:\/\/www.protec.com.br\/en\/wp-json\/wp\/v2\/product\/2957\/revisions\/42777"}],"wp:featuredmedia":[{"embeddable":true,"href":"https:\/\/www.protec.com.br\/en\/wp-json\/wp\/v2\/media\/28580"}],"wp:attachment":[{"href":"https:\/\/www.protec.com.br\/en\/wp-json\/wp\/v2\/media?parent=2957"}],"wp:term":[{"taxonomy":"product_brand","embeddable":true,"href":"https:\/\/www.protec.com.br\/en\/wp-json\/wp\/v2\/product_brand?post=2957"},{"taxonomy":"product_cat","embeddable":true,"href":"https:\/\/www.protec.com.br\/en\/wp-json\/wp\/v2\/product_cat?post=2957"},{"taxonomy":"product_tag","embeddable":true,"href":"https:\/\/www.protec.com.br\/en\/wp-json\/wp\/v2\/product_tag?post=2957"}],"curies":[{"name":"wp","href":"https:\/\/api.w.org\/{rel}","templated":true}]}}

MÁSCARA DE ALTA CONCENTRAÇÃO ADULTO

<p>MÁSCARA DE ALTA CONCENTRAÇÃO ADULTO</p>
<p>A Máscara de Alta Concentração tem a função de auxiliar a ventilação assistida ao paciente com ar ambiente ou enriquecido com oxigênio. É indicada no tratamento da apneia obstrutiva de adultos e crianças, falha respiratória e insuficiência respiratória.</p>
<p>Desenvolvida para atender pacientes adultos e pediátricos conta com a seguinte composição: Máscara com elástico para ajuste e fixação no rosto do paciente, balão reservatório de Oxigênio com capacidade de 1000ml (adulto) e extensor de 1,5 metros.</p>

<p><span class="fontstyle0">A Máscara de alta concentração tem a função de auxiliar a ventilação assistida ao paciente com ar ambiente ou enriquecido com oxigênio. É indicada no tratamento da apneia obstrutiva de adultos e crianças, falha respiratória e insuficiência respiratória.</span></p>
<p><strong>RMS:</strong> 80435140024</p>
