{"id":2923,"date":"2020-03-25T17:42:25","date_gmt":"2020-03-25T20:42:25","guid":{"rendered":"https:\/\/projeto.online\/protec\/?post_type=product&#038;p=2923"},"modified":"2026-02-16T13:55:59","modified_gmt":"2026-02-16T16:55:59","slug":"mascara-em-silicone-prematuro","status":"publish","type":"product","link":"https:\/\/www.protec.com.br\/en\/product\/mascara-em-silicone-prematuro\/","title":{"rendered":"M\u00c1SCARA EM SILICONE PREMATURO"},"content":{"rendered":"<p>M\u00e1scara em silicone para reanimador n\u00ba 0 (Prematuro)<\/p>\n<p>As m\u00e1scaras faciais de Silicone s\u00e3o autoclav\u00e1veis a 121\u00baC e podem ser utilizadas em salas de Resson\u00e2ncia Magn\u00e9tica, Centros Cir\u00fargicos e nos Reanimadores Protec, seu bojo translucido permite verificar as condi\u00e7\u00f5es do pacientes durante a ventila\u00e7\u00e3o.<\/p>\n<p>Dispon\u00edveis em tr\u00eas tamanhos ( 1 a 5).<\/p>\n<p>Produzidas com mat\u00e9ria prima de primeira linha, as m\u00e1scaras em silicone para anestesia e reanima\u00e7\u00e3o fabricadas pela Protec, garantem excelente durabilidade, resist\u00eancia e praticidade ao profissional da \u00e1rea da sa\u00fade que o utiliza.<\/p>","protected":false},"excerpt":{"rendered":"<p>M\u00e1scara para anestesia, Reanima\u00e7\u00e3o e Ventila\u00e7\u00e3o N\u00e3o Invasiva (VNI) com bojo em policarbonato e coxim em silicone autoclav\u00e1vel 121\u00b0C<\/p>\n<p><strong>RMS:<\/strong> 80435140013<\/p>","protected":false},"featured_media":28576,"template":"","meta":{"_acf_changed":false},"product_brand":[],"product_cat":[25,240],"product_tag":[],"class_list":{"0":"post-2923","1":"product","2":"type-product","3":"status-publish","4":"has-post-thumbnail","6":"product_cat-menu-inaloterapia","7":"product_cat-mascaras-anestesia-reanimacao","9":"first","10":"instock","11":"virtual","12":"taxable","13":"purchasable","14":"product-type-simple"},"acf":[],"_links":{"self":[{"href":"https:\/\/www.protec.com.br\/en\/wp-json\/wp\/v2\/product\/2923","targetHints":{"allow":["GET"]}}],"collection":[{"href":"https:\/\/www.protec.com.br\/en\/wp-json\/wp\/v2\/product"}],"about":[{"href":"https:\/\/www.protec.com.br\/en\/wp-json\/wp\/v2\/types\/product"}],"version-history":[{"count":1,"href":"https:\/\/www.protec.com.br\/en\/wp-json\/wp\/v2\/product\/2923\/revisions"}],"predecessor-version":[{"id":42769,"href":"https:\/\/www.protec.com.br\/en\/wp-json\/wp\/v2\/product\/2923\/revisions\/42769"}],"wp:featuredmedia":[{"embeddable":true,"href":"https:\/\/www.protec.com.br\/en\/wp-json\/wp\/v2\/media\/28576"}],"wp:attachment":[{"href":"https:\/\/www.protec.com.br\/en\/wp-json\/wp\/v2\/media?parent=2923"}],"wp:term":[{"taxonomy":"product_brand","embeddable":true,"href":"https:\/\/www.protec.com.br\/en\/wp-json\/wp\/v2\/product_brand?post=2923"},{"taxonomy":"product_cat","embeddable":true,"href":"https:\/\/www.protec.com.br\/en\/wp-json\/wp\/v2\/product_cat?post=2923"},{"taxonomy":"product_tag","embeddable":true,"href":"https:\/\/www.protec.com.br\/en\/wp-json\/wp\/v2\/product_tag?post=2923"}],"curies":[{"name":"wp","href":"https:\/\/api.w.org\/{rel}","templated":true}]}}

MÁSCARA EM SILICONE PREMATURO

<p>Máscara em silicone para reanimador nº 0 (Prematuro)</p>
<p>As máscaras faciais de Silicone são autoclaváveis a 121ºC e podem ser utilizadas em salas de Ressonância Magnética, Centros Cirúrgicos e nos Reanimadores Protec, seu bojo translucido permite verificar as condições do pacientes durante a ventilação.</p>
<p>Disponíveis em três tamanhos ( 1 a 5).</p>
<p>Produzidas com matéria prima de primeira linha, as máscaras em silicone para anestesia e reanimação fabricadas pela Protec, garantem excelente durabilidade, resistência e praticidade ao profissional da área da saúde que o utiliza.</p>

<p>Máscara para anestesia, Reanimação e Ventilação Não Invasiva (VNI) com bojo em policarbonato e coxim em silicone autoclavável 121°C</p>
<p><strong>RMS:</strong> 80435140013</p>
